436 is divided by 40.
36
What is the remainder when 3290 is divided by 1092?
14
What is the remainder when 101 is divided by 27?
20
Calculate the remainder when 197 is divided by 20.
17
Calculate the remainder when 4266 is divided by 17.
16
What is the remainder when 314 is divided by 81?
71
What is the remainder when 658 is divided by 37?
29
What is the remainder when 1106 is divided by 280?
266
Calculate the remainder when 2572 is divided by 2532.
40
Calculate the remainder when 111 is divided by 8.
7
Calculate the remainder when 563 is divided by 188.
187
What is the remainder when 416 is divided by 414?
2
What is the remainder when 519 is divided by 22?
13
What is the remainder when 129 is divided by 71?
58
Calculate the remainder when 201 is divided by 107.
94
What is the remainder when 34923 is divided by 127?
125
What is the remainder when 44 is divided by 23?
21
Calculate the remainder when 1482 is divided by 55.
52
Calculate the remainder when 302 is divided by 126.
50
Calculate the remainder when 4375 is divided by 59.
9
What is the remainder when 904 is divided by 178?
14
What is the remainder when 740 is divided by 124?
120
Calculate the remainder when 1994 is divided by 38.
18
What is the remainder when 126 is divided by 3?
0
What is the remainder when 173 is divided by 39?
17
What is the remainder when 1465 is divided by 732?
1
What is the remainder when 102 is divided by 29?
15
What is the remainder when 23383 is divided by 11?
8
What is the remainder when 54 is divided by 29?
25
What is the remainder when 227 is divided by 118?
109
What is the remainder when 767 is divided by 255?
2
Calculate the remainder when 229 is divided by 44.
9
Calculate the remainder when 54267 is divided by 134.
131
What is the remainder when 1149 is divided by 72?
69
What is the remainder when 976 is divided by 162?
4
Calculate the remainder when 178 is divided by 28.
10
Calculate the remainder when 1101 is divided by 47.
20
Calculate the remainder when 2127 is divided by 112.
111
What is the remainder when 31 is divided by 11?
9
What is the remainder when 288 is divided by 37?
29
Calculate the remainder when 3167 is divided by 243.
8
Calculate the remainder when 229 is divided by 29.
26
What is the remainder when 199 is divided by 29?
25
What is the remainder when 827 is divided by 10?
7
Calculate the remainder when 22689 is divided by 183.
180
Calculate the remainder when 198 is divided by 17.
11
Calculate the remainder when 423 is divided by 412.
11
What is the remainder when 225 is divided by 47?
37
Calculate the remainder when 369 is divided by 75.
69
What is the remainder when 343 is divided by 17?
3
Calculate the remainder when 538 is divided by 82.
46
What is the remainder when 1392 is divided by 26?
14
What is the remainder when 4382 is divided by 17?
13
What is the remainder when 334 is divided by 245?
89
What is the remainder when 43 is divided by 15?
13
What is the remainder when 2167 is divided by 90?
7
Calculate the remainder when 327 is divided by 47.
45
Calculate the remainder when 3822 is divided by 9.
6
What is the remainder when 4622 is divided by 18?
14
Calculate the remainder when 442 is divided by 204.
34
What is the remainder when 4284 is divided by 39?
33
What is the remainder when 96 is divided by 36?
24
What is the remainder when 466 is divided by 117?
115
Calculate the remainder when 545 is divided by 69.
62
What is the remainder when 6264 is divided by 13?
11
What is the remainder when 47 is divided by 36?
11
What is the remainder when 348 is divided by 53?
30
Calculate the remainder when 293 is divided by 144.
5
What is the remainder when 193 is divided by 31?
7
What is the remainder when 109 is divided by 34?
7
What is the remainder when 196 is divided by 30?
16
What is the remainder when 614 is divided by 278?
58
What is the remainder when 1891 is divided by 59?
3
Calculate the remainder when 732 is divided by 58.
36
What is the remainder when 769 is divided by 129?
124
What is the remainder when 396 is divided by 189?
18
What is the remainder when 254 is divided by 21?
2
Calculate the remainder when 584 is divided by 117.
116
What is the remainder when 520 is divided by 506?
14
Calculate the remainder when 3747 is divided by 1864.
19
Calculate the remainder when 82 is divided by 15.
7
Calculate the remainder when 187 is divided by 19.
16
Calculate the remainder when 362 is divided by 48.
26
What is the remainder when 1404 is divided by 119?
95
Calculate the remainder when 40 is divided by 16.
8
What is the remainder when 2911 is divided by 15?
1
Calculate the remainder when 580 is divided by 84.
76
What is the remainder when 186 is divided by 50?
36
What is the remainder when 1798 is divided by 3?
1
Calculate the remainder when 195 is divided by 4.
3
What is the remainder when 129 is divided by 27?
21
What is the remainder when 5093 is divided by 14?
11
What is the remainder when 445 is divided by 440?
5
What is the remainder when 3369 is divided by 28?
9
What is the remainder when 864 is divided by 284?
12
What is the remainder when 583 is divided by 28?
23
Calculate the remainder when 121 is divided by 27.
13
What is the remainder when 284 is divided by 41?
38
Calculate the remainder when 189 is divided by 97.
92
What is the remainder when 6286 is divided by 3?
1
Calculate the remainder when 29 is divided by 3.
2
What is the remainder when 3546 is divided by 21?
18
What is the remainder when 269 is divided by 55?
49
What is the remainder when 12405 is divided by 88?
85
Calculate the remainder when 107 is divided by 94.
13
Calculate the remainder when 2217 is divided by 12.
9
What is the remainder when 266 is divided by 62?
18
What is the remainder when 387 is divided by 33?
24
What is the remainder when 2506 is divided by 109?
108
Calculate the remainder when 2084 is divided by 17.
10
What is the remainder when 4709 is divided by 10?
9
What is the remainder when 6182 is divided by 27?
26
What is the remainder when 157 is divided by 22?
3
What is the remainder when 170 is divided by 136?
34
What is the remainder when 120 is divided by 46?
28
Calculate the remainder when 347 is divided by 34.
7
What is the remainder when 94 is divided by 28?
10
Calculate the remainder when 389 is divided by 129.
2
Calculate the remainder when 8896 is divided by 9.
4
Calculate the remainder when 367 is divided by 22.
15
What is the remainder when 185 is divided by 22?
9
What is the remainder when 109 is divided by 9?
1
What is the remainder when 171 is divided by 8?
3
What is the remainder when 691 is divided by 29?
24
What is the remainder when 276 is divided by 1?
0
What is the remainder when 1109 is divided by 187?
174
What is the remainder when 1241 is divided by 13?
6
What is the remainder when 570 is divided by 136?
26
What is the remainder when 28 is divided by 16?
12
Calculate the remainder when 4170 is divided by 43.
42
What is the remainder when 726 is divided by 181?
2
What is the remainder when 921 is divided by 66?
63
What is the remainder when 899 is divided by 266?
101
Calculate the remainder when 400 is divided by 120.
40
Calculate the remainder when 202 is divided by 53.
43
Calculate the remainder when 363 is divided by 16.
11
Calculate the remainder when 8172 is divided by 1631.
17
What is the remainder when 47 is divided by 11?
3
What is the remainder when 2120 is divided by 59?
55
What is the remainder when 164 is divided by 154?
10
What is the remainder when 37 is divided by 28?
9
Calculate the remainder when 569 is divided by 207.
155
Calculate the remainder when 906 is divided by 4.
2
What is the remainder when 198 is divided by 8?
6
What is the remainder when 394 is divided by 100?
94
What is the remainder when 338 is divided by 106?
20
What is the remainder when 148 is divided by 15?
13
What is the remainder when 419 is divided by 28?
27
What is the remainder when 321 is divided by 82?
75
What is the remainder when 562 is divided by 94?
92
Calculate the remainder when 260 is divided by 132.
128
What is the remainder when 254 is divided by 52?
46
What is the remainder when 588 is divided by 42?
0
Calculate the remainder when 3918 is divided by 14.
12
Calculate the remainder when 636 is divided by 13.
12
Calcu